2 + 3*o - 2. Calculate y(l).
-2
Let n(s) = -s**2 + 10*s - 2. Suppose v + 4*j - 5 = -0, 4*j = -3*v + 23. Calculate n(v).
7
Let r(i) = -i**2 + i + 2. Let o be r(0). Suppose 0 = -2*b + o + 2. Let w(x) = 2*x**3 - 2*x**2 - 2*x + 2. Determine w(b).
6
Let a(g) = -2*g. Let w be a(-2). Let u(s) = s**3 - 2*s**2 + 2. Let h be u(0). Let d(q) = -18*q + 17*q + w*q**h - 3*q**2. Calculate d(3).
6
Let d be -1*(-3 - (-2 + 0)). Let s(j) = 2*j**2 - 1. Determine s(d).
1
Let n(w) be the first derivative of w**6/360 - w**5/20 + w**4/24 - w**3 - 3. Let v(f) be the third derivative of n(f). Determine v(6).
1
Let c(v) = v**3 - 69*v**2 + 35*v**2 - 17 + 35*v**2. Determine c(0).
-17
Let p be (9*2)/(1 + 1). Suppose -9*k + 6*k = p. Let z(b) = -b - 4 - b - 2*b. Determine z(k).
8
Let j(l) = 9*l + 6. Let i(t) = 2*t + 1. Let p(a) = 21*i(a) - 4*j(a). Determine p(-4).
-27
Suppose 9 = 3*n - u, 4*u = -2*n + 6 - 14. Let r(k) = -2*k**3 + 5*k**2 - k + 1. Let z(a) = a**3 - a**2 + a + 1. Let m(c) = -r(c) - z(c). What is m(n)?
-10
Let f(y) = y + 4*y - 4*y + 12. Suppose -2*l = -2*v + 2*l + 20, 5*v - 37 = -3*l. Let u(w) = -w**3 + 8*w**2 - 2*w + 10. Let b be u(v). What is f(b)?
6
Let o be -2 + 1*(3 - -2). Let s(n) = n**3 - 2*n**2 - 3*n. What is s(o)?
0
Let x(k) be the third derivative of -k**7/2520 + k**6/144 + 3*k**5/40 + k**4/8 + 5*k**2. Let m(z) be the second derivative of x(z). What is m(7)?
-5
Let z(h) be the second derivative of -h**7/840 - h**6/60 + h**5/120 + 7*h**4/24 + h**3/3 + 4*h. Let r(v) be the second derivative of z(v). Determine r(-6).
1
Let b be 20/15*(-6)/(-4). Let f(h) = h - 6. Let u(c) = 3*c - 13. Let t(j) = b*u(j) - 5*f(j). Suppose a - d = 4*a + 10, d - 5 = 0. Calculate t(a).
-1
Let z = -14 - -17. Let v(m) = -3*m + 3. Determine v(z).
-6
Suppose -2*s + 3*x - 10 = 6, s - 4*x + 13 = 0. Let h(i) = -i**2 - 7*i. Calculate h(s).
10
Let w(c) = 5 + 1 + 2*c + 0. Suppose 2*g - 27 = 3*a - g, 2*a - 3 = -5*g. Determine w(a).
-6
Let c be (-12)/8*(2 + 0). Let h(d) = d**3 + 3*d**2 - 3*d - 3. Give h(c).
6
Let o(f) = -f - 1. Let y = 5 + -5. Suppose 0 = 3*p + s + 6 - 23, 2*p + s - 11 = y. Let b(n) = -1. Let g(r) = p*o(r) - 6*b(r). Calculate g(-1).
6
Let h(y) = 10*y**3 + y - y**2 - 1 - 17*y**3 - 3*y. Let b be (-1)/((1 + 0)*1). Determine h(b).
7
Let p = -7 - -13. Let k(o) = 5*o**2 + p*o**2 - 3*o + 3*o. Give k(1).
11
Let o(y) = y**2 + 4*y - 3. Let q be o(-4). Let g(u) = 2*u + 1. Let k(v) = -3*v - 1. Let p(h) = -8*g(h) - 5*k(h). Give p(q).
0
Let m = 4 + 3. Let w(r) = r**3 - 8*r**2 + 7*r + 6. Give w(m).
6
Let p(n) be the first derivative of -n**6/360 - n**5/24 + n**4/4 - 2*n**3/3 - 1. Let g(c) be the third derivative of p(c). Determine g(-6).
0
Let j(d) = -d + 3. Let r(m) = -m**2 - 4*m + 2. Let b be r(-3). Calculate j(b).
-2
Let y(n) = n**2 - 4*n - 3. Suppose 2*u - 13 = -x - 2, 0 = -5*u + x + 10. Suppose -2*k + 45 = 3*k - 5*j, 8 = -u*k - 4*j. Determine y(k).
-3
Let j = 16 - 11. Suppose 5*l = 3*u - 18, -u = -6*u + j. Let v(f) = -f**2 + f + 4. Give v(l).
-8
Let p(x) = -4*x**2 - 2*x + 8. Let o(v) = -7*v**2 - 3*v + 15. Let i(y) = -3*o(y) + 5*p(y). Let g be (96/36)/(4*(-2)/(-12)). Determine i(g).
7
Let z be ((-32)/20)/((-2)/10). Let y(v) = v - 3. Let a(o) = -1. Let x(p) = 5*a(p) + y(p). Let d be x(z). Let w(c) = -c**3 - c**2 - 3. What is w(d)?
-3
Let o(k) = k**3 - 5*k**2 - 4*k - 2. Let z(a) = -a**3 - a**2 + a - 9. Let p be z(-3). Calculate o(p).
10
Let z(s) = -s + 3. Let a = -1 + 6. What is z(a)?
-2
Let c(z) = -z**2 + 2*z - 2. Let t = 1 - -1. Suppose 3*r = t*r + 3. Suppose 0*f - f - 4*h = -11, -f + 3*h = r. Give c(f).
-5
Let a(d) = d - 4. Suppose -2*s + i = -s - 11, 0 = 2*i + 10. Calculate a(s).
2
Let r be -1*(2 + -3)*1. Let b(h) be the third derivative of h**6/20 - h**4/24 - 21*h**2. Give b(r).
5
Let f(r) = -4*r + 0 - 2*r**2 + 1 + r**2. Let a be 3/((-1)/((-40)/(-4))). Let q be -1*2*a/(-12). Calculate f(q).
-4
Suppose -7*t - 6 + 13 = 0. Let u(z) = -9*z**3 - z**2 + 2*z - 1. Calculate u(t).
-9
Let u be (-6)/(-4)*(-7 + 3). Let q = 3 + u. Let l(m) = 8*m - m**2 + 2 + 2*m**2 - 3*m. What is l(q)?
-4
Suppose -3*h + 3 = 0, 2 = 3*j + h - 2*h. Let f(v) = 5 + 0*v - 5 - v. Calculate f(j).
-1
Let s(b) = b**2 + 4 + 3 - 4 - 3*b. Suppose -9*q = -5*q + 68. Let c = 21 + q. Calculate s(c).
7
Let t(i) = -2*i + 1. Suppose 2*z = 4*k, -k + 3*z = -3*k + 16. Suppose -8 = -3*f - k. Determine t(f).
-3
Let w(k) = 2 + 4*k - 3*k + 8 - 8. Calculate w(-2).
0
Suppose -5*j + 17 = -38. Let h(x) = x**3 - 4*x**2 - 6*x + 4. Let l(p) = -5*p**3 + 20*p**2 + 30*p - 19. Let a(k) = j*h(k) + 2*l(k). What is a(5)?
1
Let i(n) be the third derivative of 0*n**4 - 1/15*n**5 + 0 - 1/6*n**3 - 2*n**2 + 0*n. Determine i(-2).
-17
Suppose -2*u - 5 = -f, 0 = 5*f + 4*u + u + 20. Let k(p) = -7*p**3 - p**2 - p. Determine k(f).
7
Let y(s) = -s + 3. Suppose 5*j = -5, -4*j - 13 = -0*k + k. Let z = 5 + k. Determine y(z).
7
Let a(z) = z - 1 + 5 - z**3 - 1 + 4*z**2 - 2*z. Give a(4).
-1
Suppose 4*v = 5*b - b + 24, -14 = -3*v + b. Suppose 2*p + 0*g + 5*g = -1, -2*g = -p + v. Let k(l) = 2*l - l**p + 0*l**2 + 1 - l**2. Calculate k(-1).
-3
Let v(b) = 2*b - 3. Let t(u) be the second derivative of u**5/10 + u**4/4 - 2*u**3/3 - 2*u**2 + u. Let y be t(-4). Let x be y/(-12) + (-4)/6. Determine v(x).
7
Let m(s) be the second derivative of -s**7/2520 + s**6/360 + s**5/60 - 7*s**4/12 + 3*s. Let i(v) be the third derivative of m(v). Calculate i(3).
-1
Let w = 44 + -45. Let b(j) = 11*j**3 - 2*j - 1. What is b(w)?
-10
Let t(x) = -4*x - 11. Let l(q) = -3*q - 10. Let d(i) = -5*l(i) + 4*t(i). Determine d(6).
0
Let a(k) = -k**3 + 6*k**2 - 6*k + 1. Let f be (48/(-20))/((-3)/(-10)). Let n be (-3 + 6)*f/(-6). Calculate a(n).
9
Let j be 3 + ((-2)/(-4) - (-7)/14). Let h(p) = 3*p + 1. Calculate h(j).
13
Let x(u) = 2*u**2 - 12*u + 5. Let f(r) = r**2 - 6*r + 3. Let n(t) = 5*f(t) - 2*x(t). Let j = 2 - -3. What is n(j)?
0
Let j(c) = -c**3 + 11*c**2. Let g = -105 - -116. Calculate j(g).
0
Suppose -6 = -i - 4*f + 9, -5*i - 2*f = -21. Let b(g) = 2*g + i*g**2 - g + 2*g**2. Suppose -4*x = -1 + 5. What is b(x)?
4
Let d(k) be the first derivative of -k**4/4 - 2*k**3/3 + k**2/2 + 2*k - 26. What is d(-3)?
8
Let y(k) = -3*k - 5 - 3 + 8. Let r(j) = 2*j - 13. Let x be r(7). Calculate y(x).
-3
Suppose 0 = 2*b - 2*y + 4*y - 12, -3*y + 16 = 2*b. Let g(m) = 2*m - 3 + 2*m - 2*m - m**b + 0*m**2. Determine g(2).
-3
Let w(y) = -2*y**3 - y**2 + y - y + y**3 - 1. Suppose 6 = j - 4*j. Calculate w(j).
3
Let r = 12 + -17. Let a(k) = -k + 4. Let p(z) = z - 1. Let v(o) = a(o) + 2*p(o). Determine v(r).
-3
Suppose 2*a + 8 + 0 = 0. Let l(s) = s**3 - 3*s**2 - 3*s. Let n(h) = 3*h**3 - 9*h**2 - 8*h. Let f(q) = a*n(q) + 11*l(q). Calculate f(2).
2
Let s(k) = k - 1. Let r(g) = -5*g + 7. Let a(b) = r(b) + 3*s(b). Let o be a(4). Let p(x) = x**3 + 4*x**2 - 3. Give p(o).
-3
Let p(k) = k**3 + 3*k**2 - 4*k + 2. Suppose -8 = 7*n - 5*n. What is p(n)?
2
Let g(m) = m**3 + 5*m**2 - 8*m - 8. Let z be g(-6). Let a(k) = -k**2 - 3*k**3 + z*k**3 - 4*k + 5*k**2 + 4. What is a(-5)?
-1
Let c(f) be the second derivative of -f**5/20 - f**4/2 - 2*f**3/3 - f**2 - 5*f. Give c(-5).
-7
Let h(y) = -3*y + 12. Let n(a) be the first derivative of a**2/2 - 6*a + 3. Let b(g) = 2*h(g) + 5*n(g). Determine b(-5).
-1
Let c be 20/6*24/10. Let s = c + -4. Let o(r) = r**2 - 5*r - 1. What is o(s)?
-5
Let j(v) = 2 + 1 + 2*v - 4 - v. What is j(6)?
5
Suppose -5*b - 28 = -3. Let o = b + 5. Let p(i) = 6*i + 5*i + 0*i + o - 1. What is p(-1)?
-12
Let l(x) = -x**2 + 1. Let d(s) = s**3 + 5*s**2 + 2*s + 12. Let g be d(-5). Give l(g).
-3
Let h be ((-8)/(-5))/(2/5). Let u = 7 + h. Suppose 0*r + 2*r + u = -5*b, -3*r + 18 = -4*b. Let v(y) = -2*y - 4. Determine v(b).
2
Let r(j) be the first derivative of -5*j**2 - j + 2. Suppose 0 = -2*q - 2. Determine r(q).
9
Let h(p) = p**2 - 5*p - 7. Let a be (-363)/(-55) - 4/(-10). Calculate h(a).
7
Let a(q) = -q + 1. Let p be 9/(-3) + -1*3. Let f(n) = n**2 + 7*n + 5. Let s be f(p). Let u = s + -3. Calculate a(u).
5
Let v(r) be the third derivative of r**6/60 - r**5/60 - r**4/8 + r**3/6 + r**2. Let p be (2/(-3))/(1/(-3)). Calculate v(p).
7
Let i(u) be the second derivative of u**6/180 - u**5/24 + u**4/2 + 6*u. Let o(q) be the third derivative of i(q). What is o(4)?
11
Let o(g) = -g**2 - 2*g + 6*g - g**2 + g**2. Let x(l) = -l**2 + 7*l - 5. Le